{"id":95,"date":"2011-04-05T14:51:10","date_gmt":"2011-04-05T14:51:10","guid":{"rendered":"http:\/\/polsterer.co.at\/var\/www\/vhosts\/polsterer.co.at\/polstererBKP2202\/cms-ah\/?page_id=95"},"modified":"2019-06-08T08:26:22","modified_gmt":"2019-06-08T08:26:22","slug":"impressum","status":"publish","type":"page","link":"https:\/\/polsterer.co.at\/cms-ah\/impressum\/","title":{"rendered":"Impressum"},"content":{"rendered":"<p>&nbsp;<\/p>\n<p><strong>Heinrich Polsterer GmbH &amp; Co KG<\/strong><\/p>\n<p>Mannersdorferstrasse 12<br \/>\n2434 G\u00f6tzendorf\/Leitha<\/p>\n<p><strong><br \/>\n<\/strong><\/p>\n<p>&nbsp;<\/p>\n<ul>\n<li><strong>E-Mail: <\/strong><a href=\"mailto:office@polsterer.co.at\">office@polsterer.co.at<\/a><\/li>\n<li><strong>Web<\/strong> http:\/\/www.polsterer.co.at<\/li>\n<li><strong>Telefon<\/strong>: +43 2169 2266 0<\/li>\n<li><strong>Fax<\/strong>: +43 2169 2266 12<\/li>\n<\/ul>\n<p>&nbsp;<\/p>\n<ul>\n<li><strong>Firmenbuchnummern<\/strong>: 621p<\/li>\n<li><strong>Firmengericht<\/strong>: Landesgericht Korneuburg<a id=\"ctl00_ContentPlaceHolder1_datenFelder_genericFieldsRepeater_ctl11_genericLabel_infoLink\" title=\"Beh\u00f6rde gem. ECG\"><\/a><\/li>\n<li><strong>Beh\u00f6rde gem. ECG<\/strong>: Bezirkshauptmannschaft Baden bzw. Bruck an der Leitha<\/li>\n<\/ul>\n<p>&nbsp;<\/p>\n<p style=\"text-align: justify;\">\u00a0DATENSCHUTZERKL\u00c4RUNG<\/p>\n<p style=\"text-align: justify;\">\u00a0Zum Zwecke der Vertragserf\u00fcllung und zur Durchf\u00fchrung vorvertraglicher Ma\u00dfnahmen werden von der Firma Polsterer die personenbezogenen Daten von Personen bzw. der Vertragspartner aus den Vertr\u00e4gen automatisiert weiterverarbeitet und gespeichert. Ohne diese Daten kann die Fa Polsterer Vertr\u00e4ge nicht abschlie\u00dfen.<\/p>\n<p style=\"text-align: justify;\">Eine Daten\u00fcbermittlung an Dritte erfolgt nur, insofern dies zur Abwicklung von Zahlungen im Rahmen und zur Erf\u00fcllung des Vertrages, zur Erf\u00fcllung von steuerrechtlichen und sonstigen gesetzlichen Verpflichtungen, sowie zur Feststellung der R\u00fcckverfolgbarkeit der gelieferten Produkte gegen\u00fcber Vertragspartnern erforderlich ist.<\/p>\n<p style=\"text-align: justify;\">\u00a0S\u00e4mtliche Daten aus dem Vertragsverh\u00e4ltnis werden bis zum Ablauf der steuerrechtlichen Ablauffrist (7 Jahre) gespeichert. Die Datenverarbeitung erfolgt auf Basis der gesetzlichen Bestimmungen des \u00a7 96 Abs. 3 TKG sowie des Art. 6 Abs. 1 lit a (Einwilligung) und\/oder\u00a0 lit b (notwendig zur Vertragserf\u00fcllung) der DSGVO.<\/p>\n<p style=\"text-align: justify;\">\u00a0Auf schriftliche Anfrage informiert die Fa. Polsterer jederzeit \u00fcber die gespeicherten Daten. Sollten von der Fa. Polsterer verarbeitete Daten nicht richtig sein, werden diese auf schriftlichen Hinweis der betreffenden Person bzw Vertragspartner unverz\u00fcglich richtig gestellt und die betroffene Person dar\u00fcber informiert. Wenn eine Person bzw Vertragspartner die Verarbeitung seiner Daten nicht l\u00e4nger w\u00fcnscht, kann er\/sie dies unverz\u00fcglich schriftlich mitteilen. Die Fa. Polsterer l\u00f6scht alle Daten umgehend und informiert die betroffene Person\u00a0 bzw Vertragspartner davon. Anfragen und Mitteilungen an: Heinrich Polsterer GmbH &amp; Co KG, A-2434 G\u00f6tzendorf, Mannersdorferstrasse 12, FAX: +43 2169 2266-12, email: office@polsterer.co.at<\/p>\n<p>&nbsp;<\/p>\n","protected":false},"excerpt":{"rendered":"<p>&nbsp; Heinrich Polsterer GmbH &amp; Co KG Mannersdorferstrasse 12 2434 G\u00f6tzendorf\/Leitha &nbsp; E-Mail: office@polsterer.co.at Web http:\/\/www.polsterer.co.at Telefon: +43 2169 2266 0 Fax: +43 2169 2266 12 &nbsp; Firmenbuchnummern: 621p Firmengericht: Landesgericht Korneuburg Beh\u00f6rde gem. ECG: Bezirkshauptmannschaft Baden bzw. Bruck an der Leitha &nbsp; \u00a0DATENSCHUTZERKL\u00c4RUNG \u00a0Zum Zwecke der Vertragserf\u00fcllung und zur Durchf\u00fchrung vorvertraglicher Ma\u00dfnahmen werden von [&hellip;]<\/p>\n","protected":false},"author":2,"featured_media":0,"parent":0,"menu_order":6,"comment_status":"open","ping_status":"open","template":"","meta":[],"_links":{"self":[{"href":"https:\/\/polsterer.co.at\/cms-ah\/wp-json\/wp\/v2\/pages\/95"}],"collection":[{"href":"https:\/\/polsterer.co.at\/cms-ah\/wp-json\/wp\/v2\/pages"}],"about":[{"href":"https:\/\/polsterer.co.at\/cms-ah\/wp-json\/wp\/v2\/types\/page"}],"author":[{"embeddable":true,"href":"https:\/\/polsterer.co.at\/cms-ah\/wp-json\/wp\/v2\/users\/2"}],"replies":[{"embeddable":true,"href":"https:\/\/polsterer.co.at\/cms-ah\/wp-json\/wp\/v2\/comments?post=95"}],"version-history":[{"count":14,"href":"https:\/\/polsterer.co.at\/cms-ah\/wp-json\/wp\/v2\/pages\/95\/revisions"}],"predecessor-version":[{"id":226,"href":"https:\/\/polsterer.co.at\/cms-ah\/wp-json\/wp\/v2\/pages\/95\/revisions\/226"}],"wp:attachment":[{"href":"https:\/\/polsterer.co.at\/cms-ah\/wp-json\/wp\/v2\/media?parent=95"}],"curies":[{"name":"wp","href":"https:\/\/api.w.org\/{rel}","templated":true}]}}