{"id":9,"date":"2015-07-23T18:42:37","date_gmt":"2015-07-23T16:42:37","guid":{"rendered":"http:\/\/polsterer.co.at\/var\/www\/vhosts\/polsterer.co.at\/polstererBKP2202\/cms-lt\/?page_id=9"},"modified":"2016-02-23T16:26:25","modified_gmt":"2016-02-23T15:26:25","slug":"unternehmen","status":"publish","type":"page","link":"https:\/\/polsterer.co.at\/cms-lt\/","title":{"rendered":"Unternehmen"},"content":{"rendered":"<h2>Herzlich wilkommen bei Polsterer Landtechnik!<\/h2>\n<p style=\"text-align: justify;\">Die Firma Polsterer ist an mehreren Standorten im s\u00fcdlichen Nieder\u00f6sterreich und Burgenland seit 1875 um das Wohl ihrer Kunden im Agrarbereich bem\u00fcht und als solider und flexibler Partner f\u00fcr alle Kundenanliegen bekannt. Polsterer Landtechnik ist Ihr Spezialist f\u00fcr Landtechnik Eigenimporte namhafter Produzenten in Polen, Tschechien und Ungarn. Gerne bearbeiten wir jederzeit Ihre Anfragen und unterbreiten Ihnen ein speziell auf Ihre Sonderw\u00fcnsche zugeschnittenes Angebot. Falls gew\u00fcnscht liefern wir alle Maschinen \u00f6sterreichweit frei Haus aus.<\/p>\n<p><a href=\"http:\/\/polsterer.co.at\/cms-lt\/wp-content\/uploads\/2015\/07\/technik01.jpg\"><img loading=\"lazy\" class=\"alignnone size-full wp-image-140\" src=\"http:\/\/polsterer.co.at\/cms-lt\/wp-content\/uploads\/2015\/07\/technik01.jpg\" alt=\"technik01\" width=\"505\" height=\"115\" srcset=\"https:\/\/polsterer.co.at\/cms-lt\/wp-content\/uploads\/2015\/07\/technik01.jpg 505w, https:\/\/polsterer.co.at\/cms-lt\/wp-content\/uploads\/2015\/07\/technik01-300x68.jpg 300w\" sizes=\"(max-width: 505px) 100vw, 505px\" \/><\/a><\/p>\n<p><strong>Ihre Ansprechpartner im Bereich Landtechnik:<\/strong><\/p>\n<p><strong>Herr Franz Klamecki (Leitung Landtechnik)<br \/>\nMobil: 0043 676\/6007137<br \/>\nFest: 0043 2169\/22660<br \/>\nE-Mail: f.klamecki@polsterer.co.at<\/strong><\/p>\n<p><strong>Herr Manfred\u00a0Auer<br \/>\nMobil: 0043 676\/5231766<br \/>\nFest: 0043 2169\/22660<br \/>\nE-Mail: m.auer@polsterer.co.at<\/strong><\/p>\n<p>&nbsp;<\/p>\n<p>&nbsp;<\/p>\n<p><span style=\"color: #ccffff;\"><span style=\"color: #ffffff;\">Polsterer Landtechnik \u00d6sterreich <span style=\"color: #ffffff;\">H\u00e4ndler\u00a0Vertretung <\/span>\u00a0Nieder\u00f6sterreich Burgenland Import\u00a0Kipper Anh\u00e4nger Bodenbearbeitung Landmaschinen<\/span><span style=\"color: #000000;\"><span style=\"color: #ffffff;\"> Polen Pronar Rolmako Unia Akpil ExPom Mandam\u00a0<\/span><\/span><\/span><span style=\"color: #ffffff;\">Ballenwagen Viehanh\u00e4nger Hakenlift Bauanh\u00e4nger Muldenkipper Tandemkipper<\/span><\/p>\n<p>&nbsp;<\/p>\n<p style=\"text-align: justify;\">\n","protected":false},"excerpt":{"rendered":"<p>Herzlich wilkommen bei Polsterer Landtechnik! Die Firma Polsterer ist an mehreren Standorten im s\u00fcdlichen Nieder\u00f6sterreich und Burgenland seit 1875 um das Wohl ihrer Kunden im Agrarbereich bem\u00fcht und als solider und flexibler Partner f\u00fcr alle Kundenanliegen bekannt. Polsterer Landtechnik ist Ihr Spezialist f\u00fcr Landtechnik Eigenimporte namhafter Produzenten in Polen, Tschechien und Ungarn. Gerne bearbeiten wir [&hellip;]<\/p>\n","protected":false},"author":2,"featured_media":0,"parent":0,"menu_order":1,"comment_status":"closed","ping_status":"closed","template":"","meta":[],"_links":{"self":[{"href":"https:\/\/polsterer.co.at\/cms-lt\/wp-json\/wp\/v2\/pages\/9"}],"collection":[{"href":"https:\/\/polsterer.co.at\/cms-lt\/wp-json\/wp\/v2\/pages"}],"about":[{"href":"https:\/\/polsterer.co.at\/cms-lt\/wp-json\/wp\/v2\/types\/page"}],"author":[{"embeddable":true,"href":"https:\/\/polsterer.co.at\/cms-lt\/wp-json\/wp\/v2\/users\/2"}],"replies":[{"embeddable":true,"href":"https:\/\/polsterer.co.at\/cms-lt\/wp-json\/wp\/v2\/comments?post=9"}],"version-history":[{"count":14,"href":"https:\/\/polsterer.co.at\/cms-lt\/wp-json\/wp\/v2\/pages\/9\/revisions"}],"predecessor-version":[{"id":392,"href":"https:\/\/polsterer.co.at\/cms-lt\/wp-json\/wp\/v2\/pages\/9\/revisions\/392"}],"wp:attachment":[{"href":"https:\/\/polsterer.co.at\/cms-lt\/wp-json\/wp\/v2\/media?parent=9"}],"curies":[{"name":"wp","href":"https:\/\/api.w.org\/{rel}","templated":true}]}}