{"id":11,"date":"2010-04-27T12:21:17","date_gmt":"2010-04-27T12:21:17","guid":{"rendered":"http:\/\/polsterer.co.at\/var\/www\/vhosts\/polsterer.co.at\/polstererBKP2202\/cms-wm\/?page_id=11"},"modified":"2023-12-18T13:42:08","modified_gmt":"2023-12-18T13:42:08","slug":"qualitaet","status":"publish","type":"page","link":"https:\/\/polsterer.co.at\/cms-wm\/qualitaet","title":{"rendered":"Qualit\u00e4t"},"content":{"rendered":"<p style=\"text-align: justify;\">Aus Qualit\u00e4tsgr\u00fcnden beziehen wir unsere Rohstoffe nur direkt von Vertragslandwirten aus der Region. Die in Frage kommenden Getreidepartien werden durch die Landwirte vom Feld direkt an unsere Erfassungsbetriebe angeliefert und in unseren eigenen Getreide-Trocknungsanlagen unter st\u00e4ndiger Kontrolle schonend lagerf\u00e4hig gemacht. Nur dadurch k\u00f6nnen wir die hohe Qualit\u00e4t unserer Mehle garantieren.<\/p>\n<p><img src=\"http:\/\/www.polsterer.co.at\/bilder_polsterer\/wm-qualitaet.png\" alt=\"\" \/><\/p>\n<p style=\"text-align: justify;\">Der Getreidezukauf erfolgt ausschlie\u00dflich in unseren eigenen Aufkaufsbetrieben im besten landwirtschaftlichen Anbaugebiet \u00d6sterreichs, wodurch die Rohstofflagerung durchgehend in kaltbel\u00fcftbaren Lagerr\u00e4umen unter st\u00e4ndiger Qualit\u00e4tskontrolle durch Fernthermometer erm\u00f6glicht ist.<\/p>\n<p style=\"text-align: justify;\">Zur Verarbeitung bzw. zum Verkauf gelangen ausschlie\u00dflich homogenisierte Warenpartien des aufgenommenen Qualit\u00e4tsgetreides. Die Freigabe der Rohstoffe f\u00fcr die M\u00fchle, sowie die Auslieferung unserer fertigen Qualit\u00e4tsmehle an unsere Kunden erfolgt jeweils erst nach eingehender Qualit\u00e4tskontrolle unseres Mehllabors und erfolgter Freigabe durch den Oberm\u00fcller. <span style=\"color: #000000;\">Nur dadurch k\u00f6nnen wir die hohe Mehlqualit\u00e4t auch ganzj\u00e4hrig gleichbleibend garantieren.<\/span><\/p>\n<p style=\"text-align: justify;\">Unser\u00a0Qualit\u00e4ts-Management System wird von unserem Unternehmen\u00a0st\u00e4ndig erweitert, als auch regelm\u00e4\u00dfigen Audits unterzogen. Dies best\u00e4tigen uns auch folgende Zertifikate:<\/p>\n<p style=\"text-align: justify;\">\u00a0\u00a0\u00a0\u00a0\u00a0<a href=\"http:\/\/polsterer.co.at\/cms-wm\/wp-content\/uploads\/IFS-GLOBAL-MARKET-FOOD.png\"><img loading=\"lazy\" class=\"alignnone wp-image-288\" src=\"http:\/\/polsterer.co.at\/cms-wm\/wp-content\/uploads\/IFS-GLOBAL-MARKET-FOOD.png\" alt=\"IFS GLOBAL MARKET FOOD\" width=\"93\" height=\"75\" \/><\/a>\u00a0 <a href=\"http:\/\/polsterer.co.at\/cms-wm\/wp-content\/uploads\/Bio-Austria-Partnerlogo-10.18-V2.jpg\"><img loading=\"lazy\" class=\"alignnone wp-image-368\" src=\"http:\/\/polsterer.co.at\/cms-wm\/wp-content\/uploads\/Bio-Austria-Partnerlogo-10.18-V2.jpg\" alt=\"Bio Austria Partnerlogo 10.18 V2\" width=\"48\" height=\"75\" srcset=\"https:\/\/polsterer.co.at\/cms-wm\/wp-content\/uploads\/Bio-Austria-Partnerlogo-10.18-V2.jpg 437w, https:\/\/polsterer.co.at\/cms-wm\/wp-content\/uploads\/Bio-Austria-Partnerlogo-10.18-V2-193x300.jpg 193w\" sizes=\"(max-width: 48px) 100vw, 48px\" \/><\/a>\u00a0\u00a0<a href=\"http:\/\/polsterer.co.at\/cms-wm\/wp-content\/uploads\/BIO-LOGO-POLSTERER.png\"><img loading=\"lazy\" class=\"alignnone wp-image-286\" src=\"http:\/\/polsterer.co.at\/cms-wm\/wp-content\/uploads\/BIO-LOGO-POLSTERER.png\" alt=\"BIO LOGO POLSTERER\" width=\"69\" height=\"74\" \/><\/a><a href=\"http:\/\/polsterer.co.at\/cms-wm\/wp-content\/uploads\/image001-1-e1702906366275.png\"><img loading=\"lazy\" class=\"alignnone size-full wp-image-577\" src=\"http:\/\/polsterer.co.at\/cms-wm\/wp-content\/uploads\/image001-1-e1702906366275.png\" alt=\"\" width=\"75\" height=\"75\" \/><\/a> <a href=\"http:\/\/polsterer.co.at\/cms-wm\/wp-content\/uploads\/AMA-BIO-G\u00dcTESIEGEL-1-e1446026203504.png\"><img loading=\"lazy\" class=\"alignnone size-full wp-image-282\" src=\"http:\/\/polsterer.co.at\/cms-wm\/wp-content\/uploads\/AMA-BIO-G\u00dcTESIEGEL-1-e1446026203504.png\" alt=\"\" width=\"75\" height=\"75\" \/><\/a><\/p>\n<p style=\"text-align: justify;\">\n","protected":false},"excerpt":{"rendered":"<p>Aus Qualit\u00e4tsgr\u00fcnden beziehen wir unsere Rohstoffe nur direkt von Vertragslandwirten aus der Region. Die in Frage kommenden Getreidepartien werden durch die Landwirte vom Feld direkt an unsere Erfassungsbetriebe angeliefert und in unseren eigenen Getreide-Trocknungsanlagen unter st\u00e4ndiger Kontrolle schonend lagerf\u00e4hig gemacht. Nur dadurch k\u00f6nnen wir die hohe Qualit\u00e4t unserer Mehle garantieren. Der Getreidezukauf erfolgt ausschlie\u00dflich in [&hellip;]<\/p>\n","protected":false},"author":2,"featured_media":0,"parent":0,"menu_order":5,"comment_status":"open","ping_status":"closed","template":"","meta":[],"_links":{"self":[{"href":"https:\/\/polsterer.co.at\/cms-wm\/wp-json\/wp\/v2\/pages\/11"}],"collection":[{"href":"https:\/\/polsterer.co.at\/cms-wm\/wp-json\/wp\/v2\/pages"}],"about":[{"href":"https:\/\/polsterer.co.at\/cms-wm\/wp-json\/wp\/v2\/types\/page"}],"author":[{"embeddable":true,"href":"https:\/\/polsterer.co.at\/cms-wm\/wp-json\/wp\/v2\/users\/2"}],"replies":[{"embeddable":true,"href":"https:\/\/polsterer.co.at\/cms-wm\/wp-json\/wp\/v2\/comments?post=11"}],"version-history":[{"count":21,"href":"https:\/\/polsterer.co.at\/cms-wm\/wp-json\/wp\/v2\/pages\/11\/revisions"}],"predecessor-version":[{"id":301,"href":"https:\/\/polsterer.co.at\/cms-wm\/wp-json\/wp\/v2\/pages\/11\/revisions\/301"}],"wp:attachment":[{"href":"https:\/\/polsterer.co.at\/cms-wm\/wp-json\/wp\/v2\/media?parent=11"}],"curies":[{"name":"wp","href":"https:\/\/api.w.org\/{rel}","templated":true}]}}