{"id":9,"date":"2010-04-27T12:20:39","date_gmt":"2010-04-27T12:20:39","guid":{"rendered":"http:\/\/polsterer.co.at\/var\/www\/vhosts\/polsterer.co.at\/polstererBKP2202\/cms-wm\/?page_id=9"},"modified":"2023-12-18T13:41:24","modified_gmt":"2023-12-18T13:41:24","slug":"bio","status":"publish","type":"page","link":"https:\/\/polsterer.co.at\/cms-wm\/bio","title":{"rendered":"BIO"},"content":{"rendered":"<p>&nbsp;<\/p>\n<p style=\"text-align: justify;\">Die Vermahlung unserer kontrolliert biologischen Qualit\u00e4tsgetreidepartien erfolgt nach unserem firmeninternen Qualit\u00e4tssicherungsverfahren, in homogenisierten Partien in einem besonders schonenden Mahlverfahren. Die Lieferung der Mehle an unsere Kunden bieten wir lose im Tankwagen, in S\u00e4cken oder in 1kg Haushaltspackungen.<\/p>\n<p style=\"text-align: justify;\"><img src=\"http:\/\/www.polsterer.co.at\/bilder_polsterer\/wm-bio.png\" alt=\"\" \/><\/p>\n<p style=\"text-align: justify;\">Da wir als eine der wenigen Industriem\u00fchlen \u00d6sterreichs in der Lage sind die Qualit\u00e4t unserer Produkte direkt vom Feld unserer Vertragslandwirte bis zu unseren Mehl-Abnehmern in Industrie und Gewerbe, ohne Zwischenh\u00e4ndler, durchgehend, firmenintern zu kontrollieren, k\u00f6nnen wir ganzj\u00e4hrig Mahlprodukte von h\u00f6chster und gleichbleibender Qualit\u00e4t garantieren. Das gibt Sicherheit, spart aber auch unn\u00fctze Lagerzeit und Kosten und erm\u00f6glicht somit jederzeit konkurrenzf\u00e4hige Mehlpreise!<\/p>\n<ul style=\"text-align: justify;\">\n<li>Alles in einer Hand &#8211; vom Bio-Landwirt bis zum Bio-B\u00e4cker<\/li>\n<li>\u00d6sterreichisches Bio Getreide aus dem besten Anbaugebiet \u00d6sterreichs<\/li>\n<li>100 % Direktaufkauf von Vertragslandwirten<\/li>\n<li>Besonders schonendes Mahlverfahren<\/li>\n<li>Flexibel und kundenorientiert<\/li>\n<li>Beste Mehlqualit\u00e4t zu Spitzenpreisen<\/li>\n<\/ul>\n<p style=\"text-align: justify;\"><span style=\"color: #ffffff;\">&#8211;<\/span><\/p>\n<p style=\"text-align: justify;\"><strong>Polsterer M\u00fchle G\u00f6tzendorf<\/strong><br \/>\nWir freuen uns auf Ihren Anruf!<br \/>\n+42 2169 2266 &#8211; 0<br \/>\n<span style=\"color: #ffffff;\">&#8211;<\/span><\/p>\n<p style=\"text-align: justify;\"><a href=\"http:\/\/polsterer.co.at\/cms-wm\/wp-content\/uploads\/Bio_Zertifikat_POLSTERER_31.12.2019.pdf\" target=\"_blank\" rel=\"noopener\"><img loading=\"lazy\" class=\"alignleft\" style=\"border: 1px solid black;\" src=\"http:\/\/www.polsterer.co.at\/cms-wm\/wp-content\/bilder\/bio-zertifikat-2009.JPG\" alt=\"\" width=\"105\" height=\"148\" \/><\/a>Da\u00df wir stets f\u00fcr Sie um h\u00f6chste Qualit\u00e4t bem\u00fcht sind, best\u00e4tigen uns auch folgende Zertifikate:<\/p>\n<p style=\"text-align: justify;\">\u00a0 \u00a0 <a href=\"http:\/\/polsterer.co.at\/cms-wm\/wp-content\/uploads\/IFS-GLOBAL-MARKET-FOOD.png\"><img loading=\"lazy\" class=\"alignnone wp-image-288\" src=\"http:\/\/polsterer.co.at\/cms-wm\/wp-content\/uploads\/IFS-GLOBAL-MARKET-FOOD.png\" alt=\"IFS GLOBAL MARKET FOOD\" width=\"80\" height=\"65\" \/><\/a> <a href=\"http:\/\/polsterer.co.at\/cms-wm\/wp-content\/uploads\/image001-1-e1702906366275.png\"><img loading=\"lazy\" class=\"alignnone size-full wp-image-577\" src=\"http:\/\/polsterer.co.at\/cms-wm\/wp-content\/uploads\/image001-1-e1702906366275.png\" alt=\"\" width=\"75\" height=\"75\" \/><\/a>\u00a0 \u00a0\u00a0<a href=\"http:\/\/polsterer.co.at\/cms-wm\/wp-content\/uploads\/Bio-Austria-Partnerlogo-10.18-V2.jpg\"><img loading=\"lazy\" class=\"alignnone wp-image-368\" src=\"http:\/\/polsterer.co.at\/cms-wm\/wp-content\/uploads\/Bio-Austria-Partnerlogo-10.18-V2.jpg\" alt=\"Bio Austria Partnerlogo 10.18 V2\" width=\"51\" height=\"80\" srcset=\"https:\/\/polsterer.co.at\/cms-wm\/wp-content\/uploads\/Bio-Austria-Partnerlogo-10.18-V2.jpg 437w, https:\/\/polsterer.co.at\/cms-wm\/wp-content\/uploads\/Bio-Austria-Partnerlogo-10.18-V2-193x300.jpg 193w\" sizes=\"(max-width: 51px) 100vw, 51px\" \/> <\/a><a href=\"http:\/\/polsterer.co.at\/cms-wm\/wp-content\/uploads\/AMA-BIO-G\u00dcTESIEGEL-1-e1446026203504.png\"><img loading=\"lazy\" class=\"alignnone size-full wp-image-282\" src=\"http:\/\/polsterer.co.at\/cms-wm\/wp-content\/uploads\/AMA-BIO-G\u00dcTESIEGEL-1-e1446026203504.png\" alt=\"\" width=\"75\" height=\"75\" \/><\/a><\/p>\n<p style=\"text-align: justify;\"><a href=\"http:\/\/www.polsterer.co.at\/cms-wm\/wp-content\/bilder\/bio-zertifikat-2009.JPG\">\u00a0<\/a><\/p>\n<p style=\"text-align: justify;\">F\u00fcr weitere Informationen zu unseren Bio Produkten kontaktieren Sie uns Bitte jederzeit w\u00e4hrend unserer B\u00fcrozeiten unter der Telefonnummer +43 21 69 \/ 22 66 0 oder unter office@polsterer.co.at.<\/p>\n","protected":false},"excerpt":{"rendered":"<p>&nbsp; Die Vermahlung unserer kontrolliert biologischen Qualit\u00e4tsgetreidepartien erfolgt nach unserem firmeninternen Qualit\u00e4tssicherungsverfahren, in homogenisierten Partien in einem besonders schonenden Mahlverfahren. Die Lieferung der Mehle an unsere Kunden bieten wir lose im Tankwagen, in S\u00e4cken oder in 1kg Haushaltspackungen. Da wir als eine der wenigen Industriem\u00fchlen \u00d6sterreichs in der Lage sind die Qualit\u00e4t unserer Produkte direkt [&hellip;]<\/p>\n","protected":false},"author":2,"featured_media":0,"parent":0,"menu_order":4,"comment_status":"open","ping_status":"closed","template":"","meta":[],"_links":{"self":[{"href":"https:\/\/polsterer.co.at\/cms-wm\/wp-json\/wp\/v2\/pages\/9"}],"collection":[{"href":"https:\/\/polsterer.co.at\/cms-wm\/wp-json\/wp\/v2\/pages"}],"about":[{"href":"https:\/\/polsterer.co.at\/cms-wm\/wp-json\/wp\/v2\/types\/page"}],"author":[{"embeddable":true,"href":"https:\/\/polsterer.co.at\/cms-wm\/wp-json\/wp\/v2\/users\/2"}],"replies":[{"embeddable":true,"href":"https:\/\/polsterer.co.at\/cms-wm\/wp-json\/wp\/v2\/comments?post=9"}],"version-history":[{"count":30,"href":"https:\/\/polsterer.co.at\/cms-wm\/wp-json\/wp\/v2\/pages\/9\/revisions"}],"predecessor-version":[{"id":82,"href":"https:\/\/polsterer.co.at\/cms-wm\/wp-json\/wp\/v2\/pages\/9\/revisions\/82"}],"wp:attachment":[{"href":"https:\/\/polsterer.co.at\/cms-wm\/wp-json\/wp\/v2\/media?parent=9"}],"curies":[{"name":"wp","href":"https:\/\/api.w.org\/{rel}","templated":true}]}}